ctor of 1392 and 4698?
174
Calculate the greatest common factor of 125710 and 90.
10
What is the highest common factor of 227985 and 105?
15
What is the highest common factor of 22599 and 1271?
31
Calculate the highest common divisor of 1700591 and 1.
1
What is the highest common factor of 15 and 2477820?
15
Calculate the greatest common factor of 9936 and 1330872.
552
Calculate the highest common divisor of 3420 and 480.
60
Calculate the greatest common divisor of 456 and 29697.
57
What is the greatest common factor of 38 and 64544?
2
What is the highest common divisor of 1044 and 10121?
29
What is the greatest common divisor of 1434 and 1707655?
239
Calculate the highest common divisor of 52 and 19396.
52
What is the highest common factor of 38290 and 1960?
70
What is the highest common factor of 2112001 and 2177?
311
Calculate the greatest common factor of 4560 and 5080.
40
What is the greatest common factor of 4830 and 2030?
70
What is the greatest common factor of 1041 and 260597?
347
What is the highest common factor of 196 and 428?
4
What is the greatest common divisor of 14 and 4692?
2
What is the highest common factor of 13334 and 11800?
118
Calculate the highest common divisor of 1560 and 51272.
104
What is the greatest common divisor of 8122 and 713?
31
What is the greatest common factor of 246 and 820?
82
Calculate the highest common factor of 22654 and 7471.
241
Calculate the greatest common factor of 150577 and 2401.
343
What is the highest common divisor of 4491124 and 11?
11
Calculate the highest common factor of 10695 and 377085.
345
What is the highest common divisor of 17876 and 2132?
164
Calculate the highest common factor of 10608 and 22848.
816
Calculate the greatest common factor of 4503 and 125373.
237
Calculate the highest common divisor of 209254 and 92.
46
Calculate the highest common divisor of 279705 and 65586.
1929
What is the greatest common divisor of 4 and 296447?
1
What is the highest common divisor of 1512 and 12824?
56
What is the highest common divisor of 500640 and 30?
30
Calculate the highest common divisor of 439510 and 15.
5
What is the greatest common divisor of 1362882 and 6?
6
What is the highest common divisor of 91077 and 63?
21
Calculate the greatest common divisor of 2112 and 5549632.
704
Calculate the greatest common factor of 528 and 207504.
528
What is the highest common factor of 3260 and 1610?
10
What is the greatest common factor of 49 and 179774?
7
Calculate the greatest common divisor of 1276 and 541256.
116
Calculate the highest common divisor of 286 and 4642.
22
Calculate the greatest common factor of 100 and 7122120.
20
Calculate the highest common factor of 560 and 22520.
40
What is the highest common factor of 1750 and 396480?
70
Calculate the highest common factor of 55577 and 26671.
149
Calculate the greatest common divisor of 70607 and 1.
1
What is the highest common divisor of 18 and 243315?
9
Calculate the highest common divisor of 114765 and 140.
35
Calculate the greatest common factor of 258 and 205454.
86
Calculate the greatest common divisor of 840480 and 85.
85
What is the highest common factor of 382 and 1282?
2
What is the greatest common factor of 1170 and 2038374?
234
Calculate the greatest common factor of 139916 and 665.
133
Calculate the greatest common factor of 37 and 54871.
37
Calculate the highest common factor of 86298 and 570.
114
Calculate the highest common factor of 1178825 and 2135.
305
What is the highest common divisor of 11720 and 192?
8
What is the highest common divisor of 1509 and 642331?
503
What is the greatest common divisor of 327613 and 29?
29
Calculate the greatest common factor of 110 and 4220.
10
Calculate the greatest common divisor of 15 and 459755.
5
Calculate the highest common divisor of 26356 and 176.
44
What is the highest common factor of 222529 and 193?
193
Calculate the greatest common divisor of 19164 and 108.
12
Calculate the highest common divisor of 3815 and 28.
7
Calculate the highest common factor of 144222 and 546.
78
Calculate the greatest common divisor of 5054 and 182.
14
Calculate the highest common divisor of 548 and 1927179.
137
What is the highest common divisor of 1740 and 3813036?
348
Calculate the highest common divisor of 37 and 621489.
37
Calculate the greatest common divisor of 34824 and 1536.
24
What is the highest common factor of 12524 and 29419?
31
Calculate the greatest common divisor of 43184 and 64.
16
Calculate the highest common factor of 168 and 300.
12
What is the highest common divisor of 1052739 and 106?
53
Calculate the highest common divisor of 93594 and 912.
114
What is the greatest common factor of 1872 and 4095?
117
Calculate the highest common factor of 62212 and 3020.
604
What is the highest common divisor of 50 and 476050?
50
What is the greatest common divisor of 178741 and 47?
47
What is the greatest common divisor of 16209 and 243?
9
Calculate the greatest common factor of 43820 and 20.
20
What is the highest common factor of 246973 and 503?
503
What is the greatest common divisor of 48076 and 1904?
476
Calculate the highest common factor of 4421161 and 83.
83
What is the greatest common divisor of 2535 and 2379?
39
What is the greatest common factor of 884 and 832?
52
What is the greatest common factor of 1092471 and 36363?
1581
What is the highest common divisor of 4986 and 1314?
18
Calculate the greatest common divisor of 4719006 and 31.
31
What is the greatest common divisor of 1824 and 1226336?
608
Calculate the greatest common divisor of 93350 and 20.
10
What is the greatest common divisor of 98 and 59633?
49
Calculate the greatest common factor of 14 and 85966.
2
Calculate the highest common divisor of 878993 and 511.
73
Calculate the highest common divisor of 17 and 530009.
17
What is the greatest common divisor of 113880 and 2184?
312
What is the greatest common factor of 90 and 3193722?
18
Calculate the greatest common divisor of 8 and 8728.
8
Calculate the greatest common divisor of 53700 and 3200.
100
What is the greatest common divisor of 728933 and 395?
79
What is the greatest common factor of 4092 and 11?
11
Calculate the highest common factor of 2052 and 4842.
18
Calculate the greatest common factor of 258568 and 16.
8
Calculate the highest common divisor of 16 and 1817104.
16
What is the greatest common divisor of 31502 and 38?
38
What is the greatest common factor of 403110 and 15?
15
Calculate the greatest common divisor of 2793 and 23427.
57
Calculate the highest common factor of 482 and 191354.
482
Calculate the highest common divisor of 86 and 152607.
43
What is the greatest common divisor of 575 and 925?
25
Calculate the greatest common factor of 13744 and 64.
16
What is the greatest common divisor of 1092 and 924?
84
Calculate the highest common divisor of 64 and 23488.
64
Calculate the greatest common factor of 33553 and 442.
13
Calculate the greatest common factor of 5389 and 14246.
17
What is the highest common divisor of 1292 and 372628?
76
What is the greatest common factor of 2187 and 384183?
729
Calculate the highest common divisor of 448776 and 80216.
2168
What is the highest common divisor of 36 and 8241228?
36
Calculate the highest common divisor of 1817809 and 217.
217
Calculate the greatest common factor of 3175 and 5350.
25
What is the highest common factor of 2 and 562?
2
Calculate the highest common divisor of 5566 and 550.
22
What is the greatest common factor of 2508 and 20438?
22
Calculate the highest common divisor of 2295 and 1529235.
765
What is the highest common divisor of 16 and 296?
8
Calculate the highest common factor of 27 and 50118.
3
Calculate the greatest common factor of 2240 and 1008.
112
Calculate the highest common divisor of 448 and 46.
2
What is the greatest common factor of 243 and 423?
9
Calculate the greatest common divisor of 210 and 328875.
15
What is the greatest common divisor of 1640 and 664?
8
Calculate the greatest common factor of 30 and 19730.
10
Calculate the highest common factor of 102 and 6018.
102
Calculate the highest common factor of 64 and 406656.
64
Calculate the greatest common factor of 97929 and 18538.
403
What is the highest common factor of 84597 and 24450?
489
What is the highest common factor of 18